
Is 5128485119 a composite number?
False
Is 462884237 prime?
True
Is 5287994093 a composite number?
True
Is 7276892387 a composite number?
False
Is 44213753723 a prime number?
False
Is 441554537 a prime number?
True
Is 12068737297 a composite number?
False
Is 3180431693 prime?
True
Is 25147123049 composite?
False
Is 28706321953 prime?
True
Is 22471784303 prime?
True
Is 21278347991 composite?
False
Is 5230616387 prime?
True
Is 3349929731 prime?
True
Is 803547287 composite?
False
Is 25749701407 prime?
True
Is 14353051961 composite?
False
Is 28983571 a composite number?
False
Is 1913271797 a prime number?
True
Is 432235879 composite?
True
Is 9734117923 a prime number?
True
Is 143072966719 composite?
False
Is 846658783 composite?
False
Is 126918541 a composite number?
False
Is 16532175206 a composite number?
True
Is 680769923 prime?
True
Is 9639638381 a prime number?
False
Is 121707107 a prime number?
True
Is 4861157141 a prime number?
True
Is 297608946097 composite?
True
Is 885654919 a prime number?
True
Is 578673853 a prime number?
True
Is 14990001133 composite?
False
Is 3547957693 a composite number?
True
Is 3446293 prime?
True
Is 2862389077 a prime number?
False
Is 1357276117 composite?
True
Is 1044440729 a prime number?
False
Is 69005231587 a prime number?
True
Is 264390143 composite?
False
Is 1668207637 a prime number?
False
Is 755658971 a prime number?
False
Is 75436885411 a composite number?
False
Is 17977983491 a composite number?
True
Is 22669962061 a prime number?
True
Is 13457045677 composite?
False
Is 84166567 a composite number?
True
Is 9948145517 a composite number?
True
Is 55794210019 a composite number?
False
Is 69740261 composite?
True
Is 41750656613 a composite number?
False
Is 198730907 a prime number?
False
Is 950081749 prime?
True
Is 370527527 composite?
False
Is 18638332459 a composite number?
False
Is 1285423081 prime?
True
Is 1104415349 a prime number?
True
Is 1737562999 prime?
True
Is 19833377555 a composite number?
True
Is 11968104077 a prime number?
False
Is 4668377443 composite?
True
Is 1074124757 a prime number?
True
Is 353553127 composite?
True
Is 56851322609 prime?
True
Is 887812795 composite?
True
Is 321526957 prime?
True
Is 2321361569 composite?
False
Is 471393823 composite?
True
Is 24719909 a composite number?
False
Is 8924415707 a prime number?
True
Is 2430367853 composite?
True
Is 70566600803 composite?
True
Is 81453719 prime?
True
Is 267134297 a composite number?
True
Is 215304499 prime?
True
Is 6949158387 a composite number?
True
Is 16745457607 prime?
True
Is 30016517 prime?
True
Is 15614976067 composite?
False
Is 117014569333 prime?
False
Is 951558877 composite?
False
Is 166521367 composite?
True
Is 380673841 prime?
False
Is 9685323863 prime?
False
Is 32968382383 composite?
True
Is 4579666593 composite?
True
Is 32457521 a prime number?
True
Is 15229791457 a prime number?
False
Is 7115600839 composite?
False
Is 1584648826 composite?
True
Is 11236908671 prime?
False
Is 19547052559 composite?
True
Is 84736748485 a prime number?
False
Is 2942140997 prime?
True
Is 98006023 a composite number?
True
Is 50274386639 a composite number?
True
Is 132955297 prime?
True
Is 765668119 a prime number?
False
Is 69872694599 prime?
True
Is 12331814191 a composite number?
False
Is 22220680423 prime?
True
Is 168930497 composite?
True
Is 102203323 a prime number?
True
Is 2042814247 composite?
False
Is 32514407371 prime?
True
Is 64874450299 a prime number?
False
Is 1090630249 composite?
True
Is 1329482507 a composite number?
False
Is 978467839 composite?
False
Is 101632268051 a composite number?
False
Is 12945957659 a composite number?
False
Is 4836973019 a composite number?
False
Is 269572741459 prime?
False
Is 89409209 a composite number?
False
Is 66296217487 a composite number?
False
Is 5124673313 a composite number?
True
Is 2803323503 composite?
True
Is 10083456451 composite?
True
Is 17163541543 prime?
True
Is 35789623 prime?
True
Is 22612041143 a prime number?
True
Is 1162210481 a composite number?
True
Is 6970386191 prime?
True
Is 790051411 a composite number?
False
Is 62232857 composite?
False
Is 303005713 composite?
True
Is 31642542559 a composite number?
True
Is 2951512019 a composite number?
False
Is 26314878602 composite?
True
Is 54503155463 a prime number?
True
Is 4999285381 prime?
False
Is 876813323 prime?
False
Is 2033774737 a prime number?
False
Is 3528856151 a composite number?
False
Is 410657963 composite?
True
Is 18558991391 composite?
False
Is 52083808187 a composite number?
False
Is 92281223 composite?
False
Is 14589600251 composite?
False
Is 24279451957 a composite number?
False
Is 1109987351 prime?
False
Is 9885241 composite?
False
Is 35319217871 a composite number?
True
Is 2841261837 prime?
False
Is 5275218163 prime?
False
Is 779479058 prime?
False
Is 133911959 composite?
True
Is 2638710859 composite?
False
Is 1467612443 a prime number?
False
Is 173911603 prime?
False
Is 2060596403 a composite number?
True
Is 31326491899 a prime number?
True
Is 9488765599 composite?
False
Is 128724611 prime?
False
Is 359901247 composite?
False
Is 234715997 composite?
False
Is 49826078197 composite?
True
Is 115849705 a composite number?
True
Is 10727212871 prime?
True
Is 42060503 prime?
True
Is 284395123 a composite number?
True
Is 21551334319 composite?
True
Is 192137793 a prime number?
False
Is 95329234079 a prime number?
False
Is 3105951601 prime?
False
Is 36988994909 composite?
False
Is 155014679 prime?
True
Is 372272701 prime?
False
Is 1945431637 composite?
False
Is 158276609 a composite number?
False
Is 15195060481 prime?
False
Is 289477943 a composite number?
True
Is 16424051551 a composite number?
False
Is 226367333 prime?
False
Is 11217991391 a composite number?
True
Is 6246525869 a composite number?
False
Is 1512232489 composite?
False
Is 11500588199 prime?
True
Is 10805589259 composite?
True
Is 41037636201 a composite number?
True
Is 47274619841 a prime number?
False
Is 1103440439 a prime number?
True
Is 89534178887 a prime number?
False
Is 2356516517 a prime number?
False
Is 41765779361 prime?
True
Is 81051414853 a prime number?
False
Is 49193659817 a prime number?
False
Is 795328223 a composite number?
False
Is 1222372043 composite?
False
Is 12070620833 prime?
False
Is 2481069827 prime?
True
Is 106969571 composite?
False
Is 248820667 prime?
False
Is 14797325002 composite?
True
Is 774213821 a prime number?
True
Is 10678898465 a composite number?
True
Is 117143550793 prime?
True
Is 28475717 prime?
False
Is 15187044021 a prime number?
False
Is 53760997957 a composite number?
False
Is 2638517207 prime?
True
Is 6513314599 prime?
False
Is 1905791683 composite?
True
Is 7082363 prime?
False
Is 275821393 composite?
True
Is 56672749519 a prime number?
True
Is 101981274479 a prime number?
False
Is 218657951 a composite number?
False
Is 212434153 a prime number?
False
Is 8374669645 a composite number?
True
Is 1300426795 a composite number?
True
Is 16098716693 prime?
True
Is 99541549831 prime?
True
Is 33152728513 prime?
False
Is 11754783797 composite?
False
Is 3505040579 a composite number?
False
Is 1082416103 prime?
True
Is 270521873 composite?
True
Is 23268652433 composite?
True
Is 2596197371 prime?
True
Is 2106563411 prime?
True
Is 7276380701 composite?
True
Is 786937553 prime?
True
Is 1426007497 prime?
False
Is 159332539 a prime number?
True
Is 29443967269 a composite number?
True
Is 698572033 a prime number?
True
Is 1240669037 a prime number?
False
Is 1855787659 composite?
True
Is 16173015883 composite?
False
Is 6613308829 prime?
True
Is 1426429607 a prime number?
False
Is 1645837433 composite?
False
Is 3950542061 a composite number?
True
Is 2344463503 prime?
True
Is 1630727251 a composite number?
False
Is 275231917 composite?
True
Is 27562939973 a composite number?
False
Is 2864198627 composite?
False
Is 51569685137 prime?
True
Is 770472811 prime?
False
Is 2502723329 composite?
True
Is 161859048394 composite?
True
Is 2446864811 a prime number?
False
Is 254370131 a composite number?
False
Is 7524103123 composite?
True
Is 1640602147 prime?
True
Is 420991979 a composite number?
False
Is 655217609 a composite number?
True
Is 2083811407 a composite number?
True
Is 24143485007 prime?
False
Is 2675799481 prime?
True
Is 244